ue
Is 64550297021 prime?
False
Is 23503061231 a composite number?
True
Is 1026483091 composite?
True
Is 1921479181 prime?
True
Is 13760052937 prime?
True
Is 8402085751 a prime number?
True
Is 6213522829 a prime number?
True
Is 2913333077 a prime number?
True
Is 30990842374 a composite number?
True
Is 27180949 composite?
True
Is 196055371 a composite number?
False
Is 439095053 a composite number?
False
Is 16874037143 a prime number?
False
Is 106854819311 composite?
True
Is 567267901 composite?
False
Is 20327117147 composite?
False
Is 8779423 a prime number?
False
Is 24019810779 composite?
True
Is 2741601007 prime?
False
Is 561286553 a composite number?
False
Is 831188959 composite?
True
Is 9699764387 a composite number?
True
Is 165537898 a prime number?
False
Is 592322729 prime?
False
Is 30035209507 a composite number?
True
Is 510148957 composite?
False
Is 9510452939 a composite number?
True
Is 2896975243 composite?
False
Is 938222237 a prime number?
False
Is 2303935091 prime?
False
Is 499661587 composite?
False
Is 1614849823 a prime number?
False
Is 333563387 a prime number?
True
Is 4246125977 a composite number?
True
Is 2828147737 composite?
False
Is 13796317607 composite?
True
Is 14186432307 prime?
False
Is 6595990843 a prime number?
False
Is 12518389471 composite?
True
Is 3947467159 a prime number?
False
Is 6403013917 composite?
False
Is 10140778379 prime?
False
Is 1136281079 a composite number?
False
Is 395364667 composite?
False
Is 436207445 prime?
False
Is 7567228133 a composite number?
False
Is 3665420729 a composite number?
True
Is 2789412341 a prime number?
True
Is 424850323 a composite number?
True
Is 83877908731 a composite number?
True
Is 8350818841 composite?
False
Is 2619508673 a prime number?
False
Is 1943511163 a prime number?
False
Is 676266911 composite?
False
Is 3987813821 a composite number?
False
Is 58323589261 a prime number?
False
Is 4695923623 a prime number?
False
Is 48816025507 a prime number?
False
Is 13428842261 a prime number?
False
Is 1178640557 composite?
False
Is 29761757 composite?
False
Is 67995230929 a composite number?
True
Is 74019282419 prime?
False
Is 451080139 composite?
True
Is 27670837 composite?
False
Is 91037677 a composite number?
True
Is 206583979081 a composite number?
False
Is 43643778491 a composite number?
True
Is 782555915 composite?
True
Is 105531787 a composite number?
False
Is 42435448311 a prime number?
False
Is 134027880362 a prime number?
False
Is 100459129 a prime number?
True
Is 78526896901 a composite number?
True
Is 521745513 a composite number?
True
Is 263059733 prime?
False
Is 96811262693 composite?
True
Is 47616662623 a composite number?
False
Is 32518749233 a prime number?
True
Is 93173209 a prime number?
False
Is 732725337 composite?
True
Is 1243284673 composite?
False
Is 83141916173 composite?
True
Is 1059725911 prime?
True
Is 3073814171 a composite number?
False
Is 15345711097 prime?
True
Is 24309764929 composite?
True
Is 446564313817 prime?
True
Is 30530314873 composite?
True
Is 40807433 a prime number?
True
Is 1552163183 a prime number?
False
Is 107491757 a composite number?
False
Is 2330163703 a composite number?
True
Is 3828327967 composite?
False
Is 484812247 composite?
True
Is 1952326435 a composite number?
True
Is 465670787 prime?
False
Is 123870306953 composite?
False
Is 593316421 prime?
False
Is 10153149257 a prime number?
True
Is 5280256469 prime?
False
Is 2645624987 a composite number?
False
Is 4121389369 prime?
False
Is 511694971 a composite number?
False
Is 10493785529 composite?
True
Is 28598671169 composite?
False
Is 21388727 prime?
False
Is 337485017 a prime number?
False
Is 14758298287 a composite number?
False
Is 1160899471 prime?
True
Is 39912873223 a prime number?
True
Is 381097897 a composite number?
False
Is 1602915053 composite?
True
Is 13553070983 prime?
True
Is 24292766473 composite?
False
Is 272833321 prime?
True
Is 1699486571 a prime number?
True
Is 11587694147 a prime number?
False
Is 1038347119 composite?
False
Is 247872434102 prime?
False
Is 278395181 prime?
True
Is 1460540251 a composite number?
False
Is 6402375311 composite?
True
Is 25575748511 a composite number?
True
Is 512825151 a composite number?
True
Is 744848933 composite?
True
Is 101647863679 a prime number?
True
Is 24391111103 a prime number?
False
Is 263043007 composite?
True
Is 206555093 a composite number?
False
Is 5307215365 composite?
True
Is 128523139603 prime?
True
Is 4243299491 a prime number?
True
Is 358272847 composite?
False
Is 19583607179 a composite number?
True
Is 1461292289 a composite number?
True
Is 538171619 a prime number?
True
Is 5953095359 a prime number?
False
Is 555686627 composite?
False
Is 8795198513 a composite number?
False
Is 956050954 prime?
False
Is 27872423 composite?
True
Is 108517691 composite?
False
Is 11413147663 composite?
True
Is 938199287 composite?
False
Is 270194513 a prime number?
True
Is 531609847 composite?
False
Is 175271657 a composite number?
True
Is 834082471 a prime number?
False
Is 1130551403 a prime number?
True
Is 20252088187 a prime number?
True
Is 697105811 a composite number?
False
Is 899928343 a composite number?
True
Is 319983014473 composite?
True
Is 91768389461 a composite number?
True
Is 393291589 composite?
True
Is 2998392065 a composite number?
True
Is 3192736229 composite?
True
Is 73917480583 a prime number?
True
Is 34777015457 a prime number?
False
Is 4782817207 composite?
True
Is 1666117213 composite?
False
Is 734462501 prime?
True
Is 1206333767 prime?
True
Is 1691615663 composite?
False
Is 605790618197 prime?
True
Is 17046899249 composite?
False
Is 15291944233 composite?
True
Is 690046367 composite?
False
Is 77465059097 a prime number?
True
Is 22006781 a prime number?
False
Is 35587201 prime?
False
Is 41896019983 a prime number?
True
Is 1172530463 prime?
False
Is 547325873 composite?
True
Is 2936719901 prime?
True
Is 2861815877 a composite number?
False
Is 1937078599 prime?
True
Is 3616340323 composite?
True
Is 65243556137 prime?
True
Is 11605727347 composite?
False
Is 1876074131 prime?
True
Is 6279936847 a composite number?
False
Is 614091689 composite?
False
Is 3235311991 a prime number?
True
Is 751020317 prime?
False
Is 743179039 a prime number?
True
Is 20339767477 a composite number?
True
Is 129894011 a prime number?
False
Is 1336472143 a composite number?
False
Is 175641950677 a prime number?
False
Is 2228422971 a prime number?
False
Is 697031971 a composite number?
True
Is 3668406719 a prime number?
False
Is 269163539 a prime number?
False
Is 22406426993 a composite number?
True
Is 1658258249 a prime number?
True
Is 853774871 a composite number?
False
Is 10368359971 a prime number?
True
Is 1147557757 a prime number?
False
Is 47411882941 prime?
True
Is 1074602857 a composite number?
True
Is 711968633 a prime number?
False
Is 197497033 a composite number?
True
Is 329139743 prime?
True
Is 26436278761 composite?
False
Is 26397239191 a composite number?
False
Is 5266360123 prime?
False
Is 361338413 prime?
False
Is 35591891659 composite?
True
Is 551857549 prime?
True
Is 2311227569 a composite number?
True
Is 1025612197 a composite number?
False
Is 37811717 a composite number?
True
Is 13680488579 prime?
True
Is 1471576817 a prime number?
True
Is 2907326029 a composite number?
False
Is 26524803763 prime?
True
Is 4619822083 a composite number?
True
Is 1566645823 a prime number?
False
Is 124388159 a composite number?
True
Is 13652303029 composite?
True
Is 444415529 a prime number?
False
Is 1986328797 a composite number?
True
Is 1904688389 a prime number?
True
Is 429696733 prime?
False
Is 895361071 composite?
True
Is 798801709 a composite number?
False
Is 100888593257 composite?
False
Is 52532427421 composite?
True
Is 6089816683 prime?
True
Is 1690633559 prime?
True
Is 620281559 composite?
True
Is 336631963 a prime number?
True
Is 171847288999 composite?
False
Is 4118141437 a prime number?
True
Is 4445414429 a prime number?
True
Is 29475710909 prime?
False
Is 1093885547 prime?
False
Is 163580623 a composite number?
True
Is 92815441 prime?
False
Is 315455279 composite?
True
Is 3528173881 a composite number?
True
Is 727096067 a composite number?
False
Is 5120723645 composite?
True
Is 2699877733 prime?
False
Is 3613878857 pri